t x(b) = 11*b**2. What are the prime factors of x(k)?
11
List the prime factors of 5/(10/108) + 0/7.
2, 3
Suppose 0 = -5*z + 4*z + 3. Suppose -3*g = 3*j - 33, -3*j - 63 = -z*g - 0*j. List the prime factors of g.
2
Let n = -36 - -53. List the prime factors of n.
17
Suppose -3*z = -10 + 4. Suppose -y + z*v + 115 = 2*y, 0 = 4*v + 20. What are the prime factors of y?
5, 7
Let m be 3/(-2)*40/(-15). Suppose 26 = m*h - 2*h. Let c = h - 8. List the prime factors of c.
5
Let z(g) = g. Let r be z(2). Suppose -3 = -3*y + r*y. What are the prime factors of y?
3
Let w = 597 - 237. List the prime factors of w.
2, 3, 5
Let c be 1 - 1 - (-1 + -1). Let v = 4 + 0. Suppose 0 = -v*a + 2*o + 36, -c*a + 2*o + 16 = -0*a. List the prime factors of a.
2, 5
Let m(p) = p + 1. Let c(t) = -2*t - 4. Let w(u) = -c(u) - 4*m(u). Let j(o) = -o**2 + 2. Let v be j(2). What are the prime factors of w(v)?
2
Suppose 3*l + 39 = 210. What are the prime factors of l?
3, 19
Suppose -13 = -3*i - 2*y - 4, 0 = 2*i + y - 6. Suppose o = -i*o + 12. What are the prime factors of 1/(o/12 + 0)?
2
Suppose 496 = 6*m + 118. List the prime factors of m.
3, 7
List the prime factors of (-4)/(-6) - ((-205)/3 - 4).
73
Let u(m) = m**2 + 2*m - 4. What are the prime factors of u(3)?
11
List the prime factors of 14/(1 + (-1)/4*2).
2, 7
Suppose 1 = -k + 2*h, -5 = -5*k + 2*h + 3*h. Suppose 0 = k*w - w - 20. What are the prime factors of w?
2, 5
Let f(c) = c + 28. List the prime factors of f(-16).
2, 3
Let j = 4 - 2. Suppose s = -j*d + 2, 3*s - 4*d = 22 - 6. Suppose -s*g + 0 + 12 = 0. List the prime factors of g.
3
Let x = -12 - -10. Let z(s) = -5*s - 1. List the prime factors of z(x).
3
Let p be -10*1*9/(-3). Let x = -19 + p. List the prime factors of x.
11
Let x(a) be the second derivative of -a**5/20 + 5*a**4/12 - 5*a**3/6 + a**2 - a. Let q = 10 - 7. What are the prime factors of x(q)?
5
Let t(h) = -55*h**3 + 1. What are the prime factors of t(-1)?
2, 7
Suppose 0 = -4*y - 3*a + 15, -2*y - a + 5 = -3*y. Suppose y = 2*r - 4*n - 68, -6*r + 4*n = -3*r - 96. List the prime factors of r.
2, 7
Let c(q) be the third derivative of -q**6/120 + q**5/20 + q**4/8 + 2*q**3/3 + 2*q**2. What are the prime factors of c(3)?
13
What are the prime factors of 33/4 + (-2)/8?
2
Let r(d) = -d - d**2 + 4*d**2 + 4 - 2*d**2. Let p(o) = o**3 - 3. Let q be p(0). List the prime factors of r(q).
2
Let h = 18 + -11. Let a(q) = 2*q - 8. List the prime factors of a(h).
2, 3
Suppose -159 = l - 4*l. List the prime factors of l.
53
List the prime factors of 1 - (-2 + 2) - -12.
13
Suppose -4*z + 20 = -0*z. Suppose -z*t + 100 = -t. List the prime factors of t.
5
Let i be (-2)/2 + 19/1. Suppose 0 = 3*b + 4*d - 14, 0 = 3*b - 4*d + 1 + 1. Suppose b*v + w - 22 = 0, 0 = v - 6*w + 3*w - i. List the prime factors of v.
2, 3
Let x = -127 + 179. What are the prime factors of x?
2, 13
Suppose -5*d = -4*y + 557, 0 = -5*y + 5*d - 0*d + 695. List the prime factors of y.
2, 3, 23
Let r(u) = u. Let g be r(2). Suppose -11 + g = -a. List the prime factors of a.
3
What are the prime factors of ((-2)/(-5) + 0)*175?
2, 5, 7
Let q = -5 - -8. Let i = -23 + 43. Suppose 5*w + 5*j = i, q*w = -0*w + j + 16. List the prime factors of w.
5
Let w = 147 - 123. List the prime factors of w.
2, 3
Let o = -9 + 13. Suppose -o*j = j - 35. What are the prime factors of j?
7
Let q(d) = -3*d - 1. Let i be q(-2). Let j be (6/3 - 0)*i. Suppose 5*k + j = -5*u, u - 4*u + 3*k = -24. What are the prime factors of u?
3
Let u(t) be the first derivative of t**2/2 - 3*t - 1. List the prime factors of u(6).
3
Let f(i) = -5*i**3 - 18*i**2 + 12. Let q(x) = 3*x**3 + 12*x**2 - 8. Let j(d) = 5*f(d) + 8*q(d). List the prime factors of j(5).
3, 7
Let v(a) = 7*a + 2. List the prime factors of v(1).
3
Let y(o) = 39*o + 24. Let a(j) be the third derivative of -j**4/3 - 5*j**3/6 + 2*j**2. Let w(l) = 24*a(l) + 5*y(l). What are the prime factors of w(1)?
3
Let o(h) = 7*h - 5*h + 4*h**2 + 0*h**2 - 6 - h**3. List the prime factors of o(4).
2
Let w(h) = h**3 - h**2 + 5*h + 2. List the prime factors of w(3).
5, 7
Let h(u) = u + 8. Let b be h(-8). Let s be ((b - 0)/(-2))/(-2). Suppose -4*k + 3 + 13 = s. What are the prime factors of k?
2
Let c(v) = -5*v**3 - 1. Let s be c(-1). Suppose 0*b - 3 = b - 4*u, s*b - 56 = -u. Suppose 49 = 2*k + b. What are the prime factors of k?
2, 3
What are the prime factors of (4 + 40)*6/8?
3, 11
Let r be (-2 - (0 + -4)) + -2. Suppose 0 = -r*w + 3*w - 6. Suppose -13 = -l + 2*m, 3*l - 14 = l - w*m. What are the prime factors of l?
3
Suppose -y + 2*z = y - 12, 5*y - 2*z = 21. List the prime factors of -57*(-1 - 0)/y.
19
Suppose -11*z + 15*z - 552 = 0. What are the prime factors of z?
2, 3, 23
Let o be 6/9*(-15)/(-2). Let c = o + -2. Suppose -5*b = -2*z + 13, -2*z + 0*z - 5*b = -c. What are the prime factors of z?
2
Suppose -123 = 5*d - 1388. What are the prime factors of d?
11, 23
Let c(l) = -l**2 - l + 5. Let r(h) = -h - 6 - h**2 + 6. Let w be r(0). What are the prime factors of c(w)?
5
Let r = 1 + -1. Suppose -h + 4*h - 12 = r. List the prime factors of h.
2
List the prime factors of (1/2)/((-2)/(-100)).
5
Let b be (6/18)/(1/3). What are the prime factors of b/(-1) - 1 - -23?
3, 7
Let v = 89 - 62. What are the prime factors of -1 + (-5)/((-15)/v)?
2
Suppose -5*h = 3 - 28. Suppose 10 = -h*p - 0. List the prime factors of (2/3)/(p/(-33)).
11
Let f = -4 + 8. Suppose -f*k - 90 = k. What are the prime factors of (k + (-2)/(-2))*-1?
17
Let h = 0 - -3. Suppose 0*w - 18 = -2*w - 4*b, -h*w + 4*b + 37 = 0. List the prime factors of w.
11
Suppose 4*q - 184 = -2*d - 0*d, 4*q + 4*d = 176. List the prime factors of q.
2, 3
Let v be (2 + -2)/(-2 - -3). Suppose 5*l - 10 = -v*l. What are the prime factors of l?
2
Suppose 3 = -5*u + 8. Suppose u = i - 0. What are the prime factors of (26/2)/(2 - i)?
13
Let a = -102 + 174. What are the prime factors of a?
2, 3
Let o = -37 + 61. Suppose 4*z = z + o. Suppose -4*v - z + 40 = 0. What are the prime factors of v?
2
Let v(b) = 5*b**2 - 4*b - 3. Let g be v(3). Let u be 0 + 0 + -1 + -1. What are the prime factors of (-1)/(u/g) + 1?
2
Let v = -113 - -370. What are the prime factors of v?
257
Let q(g) = -2*g + 3. List the prime factors of q(-22).
47
Let z(o) = o**3 + 17*o**2 + 18*o + 5. Let u be z(-15). Suppose 5*q + 5*w - 215 = 0, 3*q = -2*q + 5*w + u. What are the prime factors of q?
2, 5
Let n(z) = -3*z + 2. Let a be n(-2). Let s = -10 - -24. Let g = s - a. What are the prime factors of g?
2, 3
Suppose 0*z - 4*z + 220 = 0. What are the prime factors of z?
5, 11
Let k be (-2)/(-12) + 119/6. Suppose -4*v - k = 5*c, 13 - 1 = -3*c. Suppose -2*g + 7 = -3*t, t + v = 4*g - 29. What are the prime factors of g?
2
Suppose -2*a - 2*y + 6 = 0, -2*a + 1 + 3 = 3*y. Let j = -19 - a. Let t = j + 35. What are the prime factors of t?
11
Let k(g) = 11*g**2 + 2*g + 1. Suppose -1 = o - 0*o. Let p be k(o). Suppose -b = -2*b + p. List the prime factors of b.
2, 5
Let j = 124 + -72. What are the prime factors of j?
2, 13
Let b = 26 + -17. Suppose 0 = -3*u + 2*u + b. List the prime factors of u.
3
Let z = -7 - 6. Let d be (3 + z)/(-1*1). What are the prime factors of (-4)/(-5)*d/1?
2
Suppose 3 = 5*g - 7. Let r be g - 0/(-3) - 10. What are the prime factors of (-2)/r + 30/8?
2
Let p(h) = 4*h**2 - h - 1. Let q be p(-1). List the prime factors of 4 + -3 + q - -1.
2, 3
Let o(r) = r + 36. Suppose -3*m - m = 0. Let a be o(m). Suppose -2*d - 8*i = -3*i - 11, 5*d - a = -4*i. What are the prime factors of d?
2
Let z be (0 + 0 - 3) + 3. Suppose 0 = 2*q - 16 - z. List the prime factors of q.
2
Let d be (-14)/3*42/(-4). Suppose -5*k = 3*a - 49, a + 8 = 5*k - d. List the prime factors of k.
11
Let y = -13 + 8. Let o = y + 3. What are the prime factors of (3 + o)*1*6?
2, 3
Let f = 2 - 6. Let m be -1 - -1 - (f - -2). Suppose -3*r = m*r - 75. List the prime factors of r.
3, 5
Let x = 1 + 3. Suppose -5*s + 2*q + 86 = -q, -x*s + 66 = -q. List the prime factors of s.
2
List the prime factors of 2/((-3)/(-297)*2).
3, 11
Let i(l) = 3 - 2*l**2 - 1 + 7*l + l**2 + 0*l**2. What are the prime factors of i(6)?
2
Suppose -12 = -3*u - t - 2, 20 = 4*u + 3*t. Let m = u + 18. List the prime factors of m.
2, 5
Let p(n) = 0*n**3 + 0*n - n - 1 - 3*n**3. Let g be p(-1). Let x = 11 - g. What are the prime factors 